{"id":901,"date":"2024-05-16T06:37:20","date_gmt":"2024-05-16T06:37:20","guid":{"rendered":"http:\/\/www.gurhanozsamanci.com.tr\/?page_id=901"},"modified":"2025-11-11T21:44:48","modified_gmt":"2025-11-11T21:44:48","slug":"izmir-buyuksehir-belediyesi-2","status":"publish","type":"page","link":"https:\/\/www.gurhanozsamanci.com.tr\/?page_id=901","title":{"rendered":"\u0130zmir B\u00fcy\u00fck\u015fehir Belediyesi"},"content":{"rendered":"\t\t<div data-elementor-type=\"wp-page\" data-elementor-id=\"901\" class=\"elementor elementor-901\">\n\t\t\t\t<div class=\"elementor-element elementor-element-7f6c67b e-con-full e-flex e-con e-parent\" data-id=\"7f6c67b\" data-element_type=\"container\">\n\t\t\t\t<div class=\"elementor-element elementor-element-64cc1e7 elementor-widget elementor-widget-image\" data-id=\"64cc1e7\" data-element_type=\"widget\" data-widget_type=\"image.default\">\n\t\t\t\t<div class=\"elementor-widget-container\">\n\t\t\t\t\t\t\t\t\t\t\t\t\t\t\t<img fetchpriority=\"high\" decoding=\"async\" width=\"777\" height=\"518\" src=\"https:\/\/www.gurhanozsamanci.com.tr\/wp-content\/uploads\/2023\/12\/042.jpg\" class=\"attachment-large size-large wp-image-19\" alt=\"\" srcset=\"https:\/\/www.gurhanozsamanci.com.tr\/wp-content\/uploads\/2023\/12\/042.jpg 777w, https:\/\/www.gurhanozsamanci.com.tr\/wp-content\/uploads\/2023\/12\/042-300x200.jpg 300w, https:\/\/www.gurhanozsamanci.com.tr\/wp-content\/uploads\/2023\/12\/042-768x512.jpg 768w\" sizes=\"(max-width: 777px) 100vw, 777px\" \/>\t\t\t\t\t\t\t\t\t\t\t\t\t\t\t<\/div>\n\t\t\t\t<\/div>\n\t\t\t\t<div class=\"elementor-element elementor-element-9cf1042 elementor-widget elementor-widget-heading\" data-id=\"9cf1042\" data-element_type=\"widget\" data-widget_type=\"heading.default\">\n\t\t\t\t<div class=\"elementor-widget-container\">\n\t\t\t\t\t<h1 class=\"elementor-heading-title elementor-size-default\">Belediyecilik Faaliyetleri<\/h1>\t\t\t\t<\/div>\n\t\t\t\t<\/div>\n\t\t\t\t<\/div>\n\t\t<div class=\"elementor-element elementor-element-464a46b e-flex e-con-boxed e-con e-parent\" data-id=\"464a46b\" data-element_type=\"container\">\n\t\t\t\t\t<div class=\"e-con-inner\">\n\t\t\t\t<div class=\"elementor-element elementor-element-2f3f21d elementor-widget elementor-widget-heading\" data-id=\"2f3f21d\" data-element_type=\"widget\" data-widget_type=\"heading.default\">\n\t\t\t\t<div class=\"elementor-widget-container\">\n\t\t\t\t\t<h2 class=\"elementor-heading-title elementor-size-default\">\u0130zmir B\u00fcy\u00fck\u015fehir Belediyesi<\/h2>\t\t\t\t<\/div>\n\t\t\t\t<\/div>\n\t\t\t\t<div class=\"elementor-element elementor-element-81df1b0 elementor-widget elementor-widget-text-editor\" data-id=\"81df1b0\" data-element_type=\"widget\" data-widget_type=\"text-editor.default\">\n\t\t\t\t<div class=\"elementor-widget-container\">\n\t\t\t\t\t\t\t\t\t<p style=\"text-align: justify;\"><b>2023- D\u00f6nemi<\/b><\/p>\n<p style=\"text-align: justify;\"><span style=\"font-style: inherit; font-weight: inherit; background-color: var(--ast-global-color-5);\">Tarihi Havagaz\u0131 Fabrikas\u0131 Gen\u00e7lik Yerle\u015fkesinde randevu usul\u00fc ile <\/span><span style=\"font-style: inherit; background-color: var(--ast-global-color-5);\"><b>&#8220;kariyer dan\u0131\u015fmanl\u0131\u011f\u0131&#8221;<\/b><\/span><span style=\"font-style: inherit; font-weight: inherit; background-color: var(--ast-global-color-5);\"> hizmetini 18-30 ya\u015f gen\u00e7 grup i\u00e7in 18 ay s\u00fcre ile sundum.<\/span><\/p>\n<p style=\"text-align: justify;\">Bahar ve g\u00fcz d\u00f6nemlerinde, gen\u00e7lerin mesleki ve ki\u015fisel geli\u015fimleri i\u00e7in<b> \u201cKariyer E\u011fitimleri\u201d<\/b> \u00e7e\u015fitli seviyelerde taraf\u0131mdan verildi.<\/p>\n<p><a href=\"https:\/\/www.gurhanozsamanci.com.tr\/wp-content\/uploads\/2024\/12\/WhatsApp-Gorsel-2023-09-27-saat-14.20.56.jpg\"><img decoding=\"async\" class=\"alignright wp-image-2345 size-medium\" src=\"https:\/\/www.gurhanozsamanci.com.tr\/wp-content\/uploads\/2024\/12\/WhatsApp-Gorsel-2023-09-27-saat-14.20.56-300x300.jpg\" alt=\"Kariyer Fuar \u0130zmir'23 Afi\u015fi\" width=\"300\" height=\"300\" srcset=\"https:\/\/www.gurhanozsamanci.com.tr\/wp-content\/uploads\/2024\/12\/WhatsApp-Gorsel-2023-09-27-saat-14.20.56-300x300.jpg 300w, https:\/\/www.gurhanozsamanci.com.tr\/wp-content\/uploads\/2024\/12\/WhatsApp-Gorsel-2023-09-27-saat-14.20.56-1024x1024.jpg 1024w, https:\/\/www.gurhanozsamanci.com.tr\/wp-content\/uploads\/2024\/12\/WhatsApp-Gorsel-2023-09-27-saat-14.20.56-150x150.jpg 150w, https:\/\/www.gurhanozsamanci.com.tr\/wp-content\/uploads\/2024\/12\/WhatsApp-Gorsel-2023-09-27-saat-14.20.56-768x768.jpg 768w, https:\/\/www.gurhanozsamanci.com.tr\/wp-content\/uploads\/2024\/12\/WhatsApp-Gorsel-2023-09-27-saat-14.20.56-1536x1536.jpg 1536w, https:\/\/www.gurhanozsamanci.com.tr\/wp-content\/uploads\/2024\/12\/WhatsApp-Gorsel-2023-09-27-saat-14.20.56.jpg 1600w\" sizes=\"(max-width: 300px) 100vw, 300px\" \/><\/a><\/p>\n<p style=\"text-align: justify;\">Gen\u00e7 istihdam\u0131n\u0131n art\u0131r\u0131lmas\u0131 amac\u0131yla <b>\u201cKariyer Fuar \u0130zmir\u201923\u201d<\/b> organizasyonu m\u00fcd\u00fcrl\u00fck b\u00fcnyesinde kurgulad\u0131m ve&nbsp; <b>6-7-8 Ekim 2023<\/b> tarihlerinde ger\u00e7ekle\u015ftirilmesi sa\u011flad\u0131m. Fuara, \u00fcniversitelerin kariyer merkezleri, sivil toplum kurulu\u015flar\u0131, i\u015f d\u00fcnyas\u0131n\u0131n \u00f6nemli temsilcileri ile beraber start-up giri\u015fimcilerinin de yer ald\u0131\u011f\u0131 toplamda <b>178 <\/b>kurum-kurulu\u015f-firma kat\u0131lm\u0131\u015ft\u0131r.<\/p>\n<p style=\"text-align: justify;\">\u0130l Risk Azaltma Plan\u0131 (IRAP) kapsam\u0131nda Gen\u00e7lik \u00c7al\u0131\u015fmalar\u0131 ve Sosyal Projeler \u015eube M\u00fcd\u00fcrl\u00fc\u011f\u00fc f\u00fcnyesinde gen\u00e7lerin olas\u0131 afetler hakk\u0131nda bilgilendirilmesi ve etkin birer afet g\u00f6n\u00fcll\u00fcs\u00fc olmas\u0131 ad\u0131na \u0130zmir Kent Konseyi Gen\u00e7lik Meclisi ve Gen\u00e7lik Belediyesi \u00fcyeleri ile \u00e7al\u0131\u015fmalar s\u00fcrd\u00fcr\u00fclmesi \u00e7al\u0131\u015fmalar\u0131 y\u00fcr\u00fctt\u00fcm. Ayr\u0131ca b\u00fcy\u00fck\u015fehir belediye meclisi <b>&#8220;Do\u011fal Afetler ve Deprem Komisyonu&#8221;<\/b> ad\u0131na ara\u015ft\u0131rma faaliyetleri ger\u00e7ekle\u015ftirdim.<\/p>\n<p style=\"text-align: justify;\">\u0130nsan Kaynaklar\u0131 \u00e7al\u0131\u015fmalar\u0131 kapsam\u0131nda Nisan 2025-Haziran 2025 s\u00fcrecinde ba\u015fkan dan\u0131\u015fman\u0131 ile birlikte bu alanda \u00e7al\u0131\u015fmalar\u0131 asiste ettin ve akabinde \u0130nsan Kaynaklar\u0131 ve E\u011fitimi Dairesi&#8217;nde g\u00f6revi s\u00fcrd\u00fcrd\u00fcm.<\/p>\n<p style=\"text-align: justify;\"><b style=\"font-style: inherit;\">&#8220;M\u00fcbadele\u2019nin 100. Y\u0131l\u0131 Tek Y\u00f6n Bilet&#8221;<\/b><span style=\"font-style: inherit; font-weight: inherit;\"> ve \u201c<\/span><b style=\"font-style: inherit;\">Cumhuriyet\u2019in 100\u2019\u00fc\u201d<\/b><span style=\"font-style: inherit; font-weight: inherit;\">&nbsp;belgesel ve kitap \u00e7al\u0131\u015fmalar\u0131nda rol ald\u0131m.<\/span><\/p>\t\t\t\t\t\t\t\t<\/div>\n\t\t\t\t<\/div>\n\t\t\t\t\t<\/div>\n\t\t\t\t<\/div>\n\t\t\t\t<\/div>\n\t\t","protected":false},"excerpt":{"rendered":"<p>Belediyecilik Faaliyetleri \u0130zmir B\u00fcy\u00fck\u015fehir Belediyesi 2023- D\u00f6nemi Tarihi Havagaz\u0131 Fabrikas\u0131 Gen\u00e7lik Yerle\u015fkesinde randevu usul\u00fc ile &#8220;kariyer dan\u0131\u015fmanl\u0131\u011f\u0131&#8221; hizmetini 18-30 ya\u015f [&hellip;]<\/p>\n","protected":false},"author":1,"featured_media":0,"parent":0,"menu_order":0,"comment_status":"closed","ping_status":"closed","template":"","meta":{"site-sidebar-layout":"no-sidebar","site-content-layout":"","ast-site-content-layout":"full-width-container","site-content-style":"default","site-sidebar-style":"default","ast-global-header-display":"","ast-banner-title-visibility":"","ast-main-header-display":"","ast-hfb-above-header-display":"","ast-hfb-below-header-display":"","ast-hfb-mobile-header-display":"","site-post-title":"disabled","ast-breadcrumbs-content":"","ast-featured-img":"disabled","footer-sml-layout":"","ast-disable-related-posts":"","theme-transparent-header-meta":"","adv-header-id-meta":"","stick-header-meta":"","header-above-stick-meta":"","header-main-stick-meta":"","header-below-stick-meta":"","astra-migrate-meta-layouts":"default","ast-page-background-enabled":"default","ast-page-background-meta":{"desktop":{"background-color":"var(--ast-global-color-4)","background-image":"","background-repeat":"repeat","background-position":"center center","background-size":"auto","background-attachment":"scroll","background-type":"","background-media":"","overlay-type":"","overlay-color":"","overlay-opacity":"","overlay-gradient":""},"tablet":{"background-color":"","background-image":"","background-repeat":"repeat","background-position":"center center","background-size":"auto","background-attachment":"scroll","background-type":"","background-media":"","overlay-type":"","overlay-color":"","overlay-opacity":"","overlay-gradient":""},"mobile":{"background-color":"","background-image":"","background-repeat":"repeat","background-position":"center center","background-size":"auto","background-attachment":"scroll","background-type":"","background-media":"","overlay-type":"","overlay-color":"","overlay-opacity":"","overlay-gradient":""}},"ast-content-background-meta":{"desktop":{"background-color":"var(--ast-global-color-5)","background-image":"","background-repeat":"repeat","background-position":"center center","background-size":"auto","background-attachment":"scroll","background-type":"","background-media":"","overlay-type":"","overlay-color":"","overlay-opacity":"","overlay-gradient":""},"tablet":{"background-color":"var(--ast-global-color-5)","background-image":"","background-repeat":"repeat","background-position":"center center","background-size":"auto","background-attachment":"scroll","background-type":"","background-media":"","overlay-type":"","overlay-color":"","overlay-opacity":"","overlay-gradient":""},"mobile":{"background-color":"var(--ast-global-color-5)","background-image":"","background-repeat":"repeat","background-position":"center center","background-size":"auto","background-attachment":"scroll","background-type":"","background-media":"","overlay-type":"","overlay-color":"","overlay-opacity":"","overlay-gradient":""}},"footnotes":""},"_links":{"self":[{"href":"https:\/\/www.gurhanozsamanci.com.tr\/index.php?rest_route=\/wp\/v2\/pages\/901"}],"collection":[{"href":"https:\/\/www.gurhanozsamanci.com.tr\/index.php?rest_route=\/wp\/v2\/pages"}],"about":[{"href":"https:\/\/www.gurhanozsamanci.com.tr\/index.php?rest_route=\/wp\/v2\/types\/page"}],"author":[{"embeddable":true,"href":"https:\/\/www.gurhanozsamanci.com.tr\/index.php?rest_route=\/wp\/v2\/users\/1"}],"replies":[{"embeddable":true,"href":"https:\/\/www.gurhanozsamanci.com.tr\/index.php?rest_route=%2Fwp%2Fv2%2Fcomments&post=901"}],"version-history":[{"count":37,"href":"https:\/\/www.gurhanozsamanci.com.tr\/index.php?rest_route=\/wp\/v2\/pages\/901\/revisions"}],"predecessor-version":[{"id":2413,"href":"https:\/\/www.gurhanozsamanci.com.tr\/index.php?rest_route=\/wp\/v2\/pages\/901\/revisions\/2413"}],"wp:attachment":[{"href":"https:\/\/www.gurhanozsamanci.com.tr\/index.php?rest_route=%2Fwp%2Fv2%2Fmedia&parent=901"}],"curies":[{"name":"wp","href":"https:\/\/api.w.org\/{rel}","templated":true}]}}