{"id":922,"date":"2024-05-16T06:49:29","date_gmt":"2024-05-16T06:49:29","guid":{"rendered":"http:\/\/www.gurhanozsamanci.com.tr\/?page_id=922"},"modified":"2024-12-15T13:27:57","modified_gmt":"2024-12-15T13:27:57","slug":"dergi-kitap-yazilari","status":"publish","type":"page","link":"https:\/\/www.gurhanozsamanci.com.tr\/?page_id=922","title":{"rendered":"Dergi &#038; Kitap Yaz\u0131lar\u0131"},"content":{"rendered":"\t\t<div data-elementor-type=\"wp-page\" data-elementor-id=\"922\" class=\"elementor elementor-922\">\n\t\t\t\t<div class=\"elementor-element elementor-element-7f6c67b e-con-full e-flex e-con e-parent\" data-id=\"7f6c67b\" data-element_type=\"container\">\n\t\t\t\t<div class=\"elementor-element elementor-element-64cc1e7 elementor-widget elementor-widget-image\" data-id=\"64cc1e7\" data-element_type=\"widget\" data-widget_type=\"image.default\">\n\t\t\t\t<div class=\"elementor-widget-container\">\n\t\t\t\t\t\t\t\t\t\t\t\t\t\t\t<img fetchpriority=\"high\" decoding=\"async\" width=\"777\" height=\"518\" src=\"https:\/\/www.gurhanozsamanci.com.tr\/wp-content\/uploads\/2023\/12\/042.jpg\" class=\"attachment-large size-large wp-image-19\" alt=\"\" srcset=\"https:\/\/www.gurhanozsamanci.com.tr\/wp-content\/uploads\/2023\/12\/042.jpg 777w, https:\/\/www.gurhanozsamanci.com.tr\/wp-content\/uploads\/2023\/12\/042-300x200.jpg 300w, https:\/\/www.gurhanozsamanci.com.tr\/wp-content\/uploads\/2023\/12\/042-768x512.jpg 768w\" sizes=\"(max-width: 777px) 100vw, 777px\" \/>\t\t\t\t\t\t\t\t\t\t\t\t\t\t\t<\/div>\n\t\t\t\t<\/div>\n\t\t\t\t<div class=\"elementor-element elementor-element-9cf1042 elementor-widget elementor-widget-heading\" data-id=\"9cf1042\" data-element_type=\"widget\" data-widget_type=\"heading.default\">\n\t\t\t\t<div class=\"elementor-widget-container\">\n\t\t\t\t\t<h1 class=\"elementor-heading-title elementor-size-default\">Dergi &amp; Kitap Yaz\u0131lar\u0131<\/h1>\t\t\t\t<\/div>\n\t\t\t\t<\/div>\n\t\t\t\t<\/div>\n\t\t<div class=\"elementor-element elementor-element-706fdec e-flex e-con-boxed e-con e-parent\" data-id=\"706fdec\" data-element_type=\"container\">\n\t\t\t\t\t<div class=\"e-con-inner\">\n\t\t<div class=\"elementor-element elementor-element-6985809 e-con-full e-flex e-con e-child\" data-id=\"6985809\" data-element_type=\"container\">\n\t\t\t\t<div class=\"elementor-element elementor-element-1a3d4db elementor-widget elementor-widget-text-editor\" data-id=\"1a3d4db\" data-element_type=\"widget\" data-widget_type=\"text-editor.default\">\n\t\t\t\t<div class=\"elementor-widget-container\">\n\t\t\t\t\t\t\t\t\t<p>&#8220;<strong>Cumhuriyet&#8217;in 100&#8217;\u00fc \u0130zmir<\/strong>&#8221; Belgesel Foto\u011fraf Alb\u00fcm\u00fc&nbsp; \/ Ekim 2023 \u0130BB Yay\u0131nlar\u0131<\/p>\n<p>&#8220;<strong>M\u00fcbadelenin 100. Y\u0131l\u0131 Tek Y\u00f6n Bilet<\/strong>&#8221; Foto Belgesel&nbsp; \/ Ocak 2023 \u0130BB Yay\u0131nlar\u0131<\/p>\n<p>\u201c<strong>M<\/strong><b>\u00fcbadele: \u0130ki \u00dclke, \u0130ki Millet, Tek Kader\u201d<\/b> yaz\u0131s\u0131 \/ Ocak 2023 B\u00fct\u00fcn D\u00fcnya Dergisi<\/p>\n<p><b>\u201cBir Bayra\u011f\u0131n \u0130zinde Bir As\u0131r\u201d<\/b> yaz\u0131s\u0131 \/ Eyl\u00fcl 2022 B\u00fct\u00fcn D\u00fcnya Dergisi<\/p>\n<p><b>\u201cAP\u0130KAM\u2019daki Kurtulu\u015f Hat\u0131ras\u0131 T\u00fcrk Bayra\u011f\u0131\u201d<\/b> yaz\u0131s\u0131 \/ Eyl\u00fcl 2020 \u0130BB Kurtulu\u015f Dergisi<\/p>\n<p><b>\u201c\u0130zmir\u201d<\/b>&nbsp;\u015fiiri \/ May\u0131s 2020 Deva Edebiyat Dergisi<\/p>\n<p><b>\u201cSevgililer G\u00fcn\u00fc Sevgi G\u00fcn\u00fc\u201d<\/b> \u015fiiri \/ Ekim 2019 Kalan Edebiyat Dergisi<\/p>\n<p><b>\u201cHer \u015eey G\u00fczel Olacak\u201d<\/b> \u015fiiri \/ May\u0131s-Haziran 2019 \u0130zmir \u0130zmir Dergisi<\/p>\n<p><b>\u201c\u0130zmir\u201d<\/b> \u015fiiri \/ Mart-Nisan 2019 \u0130zmir \u0130zmir Dergisi<\/p>\n<p><b>\u201cKad\u0131n\u0131m\u201d<\/b> \u015fiiri \/ 8 Mart 2019 \u0130zmir \u0130zmir Dergisi<\/p>\n<p><b>\u201cBir Oda Bir Adam Bir A\u015fk\u201d<\/b> \u015fiiri \/ Kas\u0131m-Aral\u0131k 2018 \u0130zmir \u0130zmir Dergisi<\/p>\n<p><b>\u201cS\u0131\u011fac\u0131k\u2019ta A\u015fk\u201d<\/b> \u015fiiri \/ Eyl\u00fcl-Ekim 2018 \u0130zmir \u0130zmir Dergisi<\/p>\t\t\t\t\t\t\t\t<\/div>\n\t\t\t\t<\/div>\n\t\t\t\t<\/div>\n\t\t<div class=\"elementor-element elementor-element-dd4c6d8 e-con-full e-flex e-con e-child\" data-id=\"dd4c6d8\" data-element_type=\"container\">\n\t\t\t\t<div class=\"elementor-element elementor-element-142341f elementor-widget elementor-widget-image\" data-id=\"142341f\" data-element_type=\"widget\" data-widget_type=\"image.default\">\n\t\t\t\t<div class=\"elementor-widget-container\">\n\t\t\t\t\t\t\t\t\t\t\t\t\t\t\t<img decoding=\"async\" width=\"1160\" height=\"1600\" src=\"https:\/\/www.gurhanozsamanci.com.tr\/wp-content\/uploads\/2024\/06\/WhatsApp-Gorsel-2024-06-23-saat-22.46.52_181a05f5.jpg\" class=\"attachment-full size-full wp-image-1512\" alt=\"\" srcset=\"https:\/\/www.gurhanozsamanci.com.tr\/wp-content\/uploads\/2024\/06\/WhatsApp-Gorsel-2024-06-23-saat-22.46.52_181a05f5.jpg 1160w, https:\/\/www.gurhanozsamanci.com.tr\/wp-content\/uploads\/2024\/06\/WhatsApp-Gorsel-2024-06-23-saat-22.46.52_181a05f5-218x300.jpg 218w, https:\/\/www.gurhanozsamanci.com.tr\/wp-content\/uploads\/2024\/06\/WhatsApp-Gorsel-2024-06-23-saat-22.46.52_181a05f5-742x1024.jpg 742w, https:\/\/www.gurhanozsamanci.com.tr\/wp-content\/uploads\/2024\/06\/WhatsApp-Gorsel-2024-06-23-saat-22.46.52_181a05f5-768x1059.jpg 768w, https:\/\/www.gurhanozsamanci.com.tr\/wp-content\/uploads\/2024\/06\/WhatsApp-Gorsel-2024-06-23-saat-22.46.52_181a05f5-1114x1536.jpg 1114w\" sizes=\"(max-width: 1160px) 100vw, 1160px\" \/>\t\t\t\t\t\t\t\t\t\t\t\t\t\t\t<\/div>\n\t\t\t\t<\/div>\n\t\t\t\t<\/div>\n\t\t\t\t\t<\/div>\n\t\t\t\t<\/div>\n\t\t\t\t<\/div>\n\t\t","protected":false},"excerpt":{"rendered":"<p>Dergi &amp; Kitap Yaz\u0131lar\u0131 &#8220;Cumhuriyet&#8217;in 100&#8217;\u00fc \u0130zmir&#8221; Belgesel Foto\u011fraf Alb\u00fcm\u00fc&nbsp; \/ Ekim 2023 \u0130BB Yay\u0131nlar\u0131 &#8220;M\u00fcbadelenin 100. Y\u0131l\u0131 Tek Y\u00f6n [&hellip;]<\/p>\n","protected":false},"author":1,"featured_media":0,"parent":0,"menu_order":0,"comment_status":"closed","ping_status":"closed","template":"","meta":{"site-sidebar-layout":"no-sidebar","site-content-layout":"","ast-site-content-layout":"full-width-container","site-content-style":"default","site-sidebar-style":"default","ast-global-header-display":"","ast-banner-title-visibility":"","ast-main-header-display":"","ast-hfb-above-header-display":"","ast-hfb-below-header-display":"","ast-hfb-mobile-header-display":"","site-post-title":"disabled","ast-breadcrumbs-content":"","ast-featured-img":"disabled","footer-sml-layout":"","ast-disable-related-posts":"","theme-transparent-header-meta":"","adv-header-id-meta":"","stick-header-meta":"","header-above-stick-meta":"","header-main-stick-meta":"","header-below-stick-meta":"","astra-migrate-meta-layouts":"default","ast-page-background-enabled":"default","ast-page-background-meta":{"desktop":{"background-color":"var(--ast-global-color-4)","background-image":"","background-repeat":"repeat","background-position":"center center","background-size":"auto","background-attachment":"scroll","background-type":"","background-media":"","overlay-type":"","overlay-color":"","overlay-opacity":"","overlay-gradient":""},"tablet":{"background-color":"","background-image":"","background-repeat":"repeat","background-position":"center center","background-size":"auto","background-attachment":"scroll","background-type":"","background-media":"","overlay-type":"","overlay-color":"","overlay-opacity":"","overlay-gradient":""},"mobile":{"background-color":"","background-image":"","background-repeat":"repeat","background-position":"center center","background-size":"auto","background-attachment":"scroll","background-type":"","background-media":"","overlay-type":"","overlay-color":"","overlay-opacity":"","overlay-gradient":""}},"ast-content-background-meta":{"desktop":{"background-color":"var(--ast-global-color-5)","background-image":"","background-repeat":"repeat","background-position":"center center","background-size":"auto","background-attachment":"scroll","background-type":"","background-media":"","overlay-type":"","overlay-color":"","overlay-opacity":"","overlay-gradient":""},"tablet":{"background-color":"var(--ast-global-color-5)","background-image":"","background-repeat":"repeat","background-position":"center center","background-size":"auto","background-attachment":"scroll","background-type":"","background-media":"","overlay-type":"","overlay-color":"","overlay-opacity":"","overlay-gradient":""},"mobile":{"background-color":"var(--ast-global-color-5)","background-image":"","background-repeat":"repeat","background-position":"center center","background-size":"auto","background-attachment":"scroll","background-type":"","background-media":"","overlay-type":"","overlay-color":"","overlay-opacity":"","overlay-gradient":""}},"footnotes":""},"_links":{"self":[{"href":"https:\/\/www.gurhanozsamanci.com.tr\/index.php?rest_route=\/wp\/v2\/pages\/922"}],"collection":[{"href":"https:\/\/www.gurhanozsamanci.com.tr\/index.php?rest_route=\/wp\/v2\/pages"}],"about":[{"href":"https:\/\/www.gurhanozsamanci.com.tr\/index.php?rest_route=\/wp\/v2\/types\/page"}],"author":[{"embeddable":true,"href":"https:\/\/www.gurhanozsamanci.com.tr\/index.php?rest_route=\/wp\/v2\/users\/1"}],"replies":[{"embeddable":true,"href":"https:\/\/www.gurhanozsamanci.com.tr\/index.php?rest_route=%2Fwp%2Fv2%2Fcomments&post=922"}],"version-history":[{"count":35,"href":"https:\/\/www.gurhanozsamanci.com.tr\/index.php?rest_route=\/wp\/v2\/pages\/922\/revisions"}],"predecessor-version":[{"id":2326,"href":"https:\/\/www.gurhanozsamanci.com.tr\/index.php?rest_route=\/wp\/v2\/pages\/922\/revisions\/2326"}],"wp:attachment":[{"href":"https:\/\/www.gurhanozsamanci.com.tr\/index.php?rest_route=%2Fwp%2Fv2%2Fmedia&parent=922"}],"curies":[{"name":"wp","href":"https:\/\/api.w.org\/{rel}","templated":true}]}}